{"id":330,"date":"2023-12-26T16:23:47","date_gmt":"2023-12-26T16:23:47","guid":{"rendered":"https:\/\/vhundsport.se\/?page_id=330"},"modified":"2023-12-30T13:47:49","modified_gmt":"2023-12-30T12:47:49","slug":"balansboll","status":"publish","type":"page","link":"https:\/\/vhundsport.se\/?page_id=330","title":{"rendered":"Balansboll"},"content":{"rendered":"\n<p><strong>I stallet<\/strong> finns f\u00f6ljande utrustning f\u00f6r balansbollstr\u00e4ning.<\/p>\n\n\n\n<figure class=\"wp-block-image size-large\"><img loading=\"lazy\" decoding=\"async\" width=\"1024\" height=\"461\" src=\"https:\/\/vhundsport.se\/wp-content\/uploads\/2023\/12\/20231229_164715-1024x461.jpg\" alt=\"\" class=\"wp-image-347\" srcset=\"https:\/\/vhundsport.se\/wp-content\/uploads\/2023\/12\/20231229_164715-1024x461.jpg 1024w, https:\/\/vhundsport.se\/wp-content\/uploads\/2023\/12\/20231229_164715-300x135.jpg 300w, https:\/\/vhundsport.se\/wp-content\/uploads\/2023\/12\/20231229_164715-768x346.jpg 768w, https:\/\/vhundsport.se\/wp-content\/uploads\/2023\/12\/20231229_164715-1536x692.jpg 1536w, https:\/\/vhundsport.se\/wp-content\/uploads\/2023\/12\/20231229_164715-2048x922.jpg 2048w\" sizes=\"auto, (max-width: 1024px) 100vw, 1024px\" \/><\/figure>\n\n\n\n<p>Utrustningen ligger i den st\u00f6rre svart l\u00e5dan m\u00e4rkt med balansboll.<\/p>\n\n\n\n<figure class=\"wp-block-image size-large\"><img loading=\"lazy\" decoding=\"async\" width=\"1024\" height=\"461\" src=\"https:\/\/vhundsport.se\/wp-content\/uploads\/2023\/12\/20231229_164831-1024x461.jpg\" alt=\"\" class=\"wp-image-349\" srcset=\"https:\/\/vhundsport.se\/wp-content\/uploads\/2023\/12\/20231229_164831-1024x461.jpg 1024w, https:\/\/vhundsport.se\/wp-content\/uploads\/2023\/12\/20231229_164831-300x135.jpg 300w, https:\/\/vhundsport.se\/wp-content\/uploads\/2023\/12\/20231229_164831-768x346.jpg 768w, https:\/\/vhundsport.se\/wp-content\/uploads\/2023\/12\/20231229_164831-1536x692.jpg 1536w, https:\/\/vhundsport.se\/wp-content\/uploads\/2023\/12\/20231229_164831-2048x922.jpg 2048w\" sizes=\"auto, (max-width: 1024px) 100vw, 1024px\" \/><\/figure>\n\n\n\n<p>Du b\u00f6r ha g\u00e5tt en kurs i balansboll innan s\u00e5 att du vet hur man anv\u00e4nder dem<\/p>\n","protected":false},"excerpt":{"rendered":"<p>I stallet finns f\u00f6ljande utrustning f\u00f6r balansbollstr\u00e4ning. Utrustningen ligger i den st\u00f6rre svart l\u00e5dan m\u00e4rkt med balansboll. Du b\u00f6r ha g\u00e5tt en kurs i balansboll innan s\u00e5 att du vet hur man anv\u00e4nder dem<\/p>\n","protected":false},"author":1,"featured_media":0,"parent":0,"menu_order":0,"comment_status":"closed","ping_status":"closed","template":"","meta":{"footnotes":""},"class_list":["post-330","page","type-page","status-publish","hentry"],"aioseo_notices":[],"_links":{"self":[{"href":"https:\/\/vhundsport.se\/index.php?rest_route=\/wp\/v2\/pages\/330","targetHints":{"allow":["GET"]}}],"collection":[{"href":"https:\/\/vhundsport.se\/index.php?rest_route=\/wp\/v2\/pages"}],"about":[{"href":"https:\/\/vhundsport.se\/index.php?rest_route=\/wp\/v2\/types\/page"}],"author":[{"embeddable":true,"href":"https:\/\/vhundsport.se\/index.php?rest_route=\/wp\/v2\/users\/1"}],"replies":[{"embeddable":true,"href":"https:\/\/vhundsport.se\/index.php?rest_route=%2Fwp%2Fv2%2Fcomments&post=330"}],"version-history":[{"count":3,"href":"https:\/\/vhundsport.se\/index.php?rest_route=\/wp\/v2\/pages\/330\/revisions"}],"predecessor-version":[{"id":398,"href":"https:\/\/vhundsport.se\/index.php?rest_route=\/wp\/v2\/pages\/330\/revisions\/398"}],"wp:attachment":[{"href":"https:\/\/vhundsport.se\/index.php?rest_route=%2Fwp%2Fv2%2Fmedia&parent=330"}],"curies":[{"name":"wp","href":"https:\/\/api.w.org\/{rel}","templated":true}]}}